 of f and 20?
10
Let h = -714 + 801. Calculate the greatest common factor of h and 319.
29
Let t(p) = -p**3 + 4*p**2 - 3*p + 1. Let m be t(2). Suppose -m*d + 89 = 26. What is the greatest common divisor of d and 7?
7
Suppose -13*q - 12 = -16*q. Let t = q + 4. Calculate the highest common factor of t and 2.
2
Suppose -82 = l - 15. Suppose 70 = 5*h - 490. Let z = h + l. What is the greatest common divisor of z and 5?
5
Let h(k) = -42*k + 18. Let b be h(-5). What is the greatest common factor of b and 12?
12
Let v(q) = -13*q + 4. Let n be v(-2). Suppose 4*m = 2*m - 4*y + 2, n = 2*m - 3*y. Suppose -6 = -3*g + 3. What is the greatest common factor of g and m?
3
Let x be 2/(-3) - 32/6. Let t(n) = 0*n**2 + 0*n - 7 + 2*n - 1 + n**2. Let a be t(x). What is the greatest common divisor of a and 80?
16
Let b be (11/4 - 1)/(25/700). Suppose -2*q - 25 = -b. What is the greatest common divisor of q and 48?
12
Let w(z) = z + 35. Let l be w(0). Let g = -2 - -14. Let t = 26 - g. What is the greatest common factor of l and t?
7
Suppose -h + 1 + 6 = 0. Suppose -298 - 87 = -5*f. Calculate the greatest common factor of f and h.
7
Suppose -40*h + 35*h = -100. Suppose 81 = -h*z + 21*z. Calculate the highest common factor of z and 9.
9
Let j(p) = 4*p**2 - 4*p + 6. Suppose -i - 5*r = -5*i + 11, i = 4*r. Let l be j(i). Let x = 53 + -35. What is the greatest common divisor of x and l?
18
Let b(g) = g**2 - 15*g - 176. Let y be b(-9). Calculate the highest common factor of y and 1960.
40
Let f = 4758 + -2224. Calculate the highest common divisor of f and 14.
14
Suppose -5*n + 130 = -3*n - 2*l, 0 = -5*l + 25. Let h be 2/3 + (-82)/(-3). What is the highest common divisor of h and n?
14
Suppose -12 = -4*q - k - 8, 0 = -5*k. Let m = -8 + 13. Suppose 3*p - 4*u - m = 0, -4*p + u + 8 = -4*u. Calculate the highest common divisor of p and q.
1
Suppose -179 + 62 = -3*x. Let k be 2734/26 + (-6)/x. What is the highest common factor of k and 35?
35
Suppose -376*i + 416*i - 2625 = 2415. Let f = 43 - 25. Calculate the highest common divisor of i and f.
18
Let t(n) = -3*n - 9. Let q be t(-4). Let k be (q - 0) + -1 - -7. Let l be -2*3*(0 + -1). Calculate the greatest common factor of k and l.
3
Suppose -4*p = -2*o - 0*o - 22, 2*p - 7 = -3*o. Suppose 13 = p*s + 3. Calculate the greatest common factor of s and 4.
2
Let n = 5 - -1. Suppose -l = -n - 15. What is the highest common factor of 42 and l?
21
Suppose 0 = 2*g + 2*g - 2*a - 54, 59 = 4*g + 3*a. Calculate the highest common factor of g and 7.
7
Let a(s) = s**3 + 31*s**2 + 208*s + 40. Let y be a(-19). What is the greatest common divisor of 180 and y?
60
Suppose -90 = -0*g - 2*g. Suppose -q + 3*j + g = 0, 3*q = -3*j + j + 80. What is the greatest common factor of q and 330?
30
Suppose l - 4*l = -6. Suppose 111 = 2*r + 2*m + 29, -r + 51 = 3*m. Suppose v = -l*v + r. Calculate the greatest common divisor of v and 6.
6
Let y = 612 - 528. What is the greatest common divisor of 105 and y?
21
Let v = -2349 - -2399. Suppose 5*t - 238 = -2*x + 2*t, x = t + 129. Calculate the highest common divisor of v and x.
25
Suppose -5*d + 8*u = 5*u - 186, d + 5*u = 26. What is the highest common factor of d and 396?
36
Suppose -2*k - 3 = -35. Let l be (13 - (-81)/(-6)) + (-1542)/(-12). Calculate the highest common divisor of k and l.
16
Let r be ((-11)/(-77)*21)/((-1)/(-2)). What is the highest common divisor of 15 and r?
3
Let q be (1/8*6)/(6/144). Calculate the highest common factor of q and 144.
18
Let h be (-112 - 12)*(-1 - (-5)/(-4)). What is the greatest common divisor of h and 93?
93
Suppose y - 729 = -2*y. Suppose 3*r - 99 + 22 = 2*b, 5*b = 2*r - 44. What is the highest common factor of y and r?
27
Let v be (6/(-4))/((-3)/400). What is the greatest common factor of 40 and v?
40
Suppose -w + j = -10, -5*j - 24 = -3*w - 4*j. Calculate the greatest common factor of w and 42.
7
Let f(j) = -j**3 + 3*j**2 + j - 1. Let d be f(3). Let a be (-4)/(-1) - (-2 + d). Suppose -6*l + 48 = 6*l. Calculate the greatest common factor of l and a.
4
Let y = 15 + -11. Suppose 17 = y*s - 15. What is the greatest common divisor of 24 and s?
8
Suppose -5*g + 15 - 5 = 0. Suppose -3*h + 7*o - g*o + 22 = 0, 0 = 4*h - o - 18. Let z be ((-8)/(-6) - 2)*-54. What is the greatest common divisor of z and h?
4
Let w = -240 + 636. Calculate the highest common factor of w and 176.
44
Let z = 1082 - 442. Let b = z + -321. What is the highest common divisor of b and 29?
29
Let w = -11 + 16. Suppose u + 3*o = -193, 181 = -u - w*o - 6. Let p be 12/(-54) + u/(-18). Calculate the highest common factor of 88 and p.
11
Suppose -14*t + 584 + 1054 = 0. Calculate the greatest common divisor of 13 and t.
13
Suppose 62*q = 52*q + 190. Suppose -4*t + 57 = -t. What is the highest common factor of t and q?
19
Suppose -3*x = -5*q + 716, 4*q + 5*x - 595 = -0*q. What is the greatest common divisor of q and 40?
5
Let y be 231/15 - 2/5. Suppose -3*p - 167 = -n + 86, -5*n + p + 1293 = 0. Let t = -184 + n. Calculate the greatest common factor of t and y.
15
Suppose 136 = 3*o + 28. Calculate the highest common factor of o and 522.
18
Let k(o) = 3*o**2 - 13*o - 64. Let u be k(12). What is the highest common divisor of 1166 and u?
106
Suppose -18 = -4*m + 3*m. Suppose -24 = 2*c - 3*p - 129, 4*c = 4*p + 200. Calculate the greatest common divisor of c and m.
9
Let q(i) = i**3 - 25*i**2 + 5*i - 26. Let o be q(25). Calculate the greatest common factor of o and 22.
11
Let u = 50 - 50. Let l = 6 - 26. Let g = u - l. What is the greatest common factor of g and 5?
5
Let v = 10 + 6. Let t = v + 19. What is the greatest common factor of t and 10?
5
Suppose 132 = -0*j - 3*j. Let o = 83 + j. Let s be (o/(-52))/((-1)/16). What is the greatest common factor of s and 30?
6
Suppose 4*k + 324 = -600. Let w = 415 + k. Calculate the highest common factor of 23 and w.
23
Suppose 0 = -21*u - 22*u + 387. What is the greatest common factor of 117 and u?
9
Let d = 53 - 46. Let h(q) = -q**2 + 7*q + 22. Let s be h(d). Calculate the highest common divisor of s and 55.
11
Suppose -5*u + 15 = -4*u. Calculate the greatest common divisor of 165 and u.
15
Let m = 226 + -111. Let d = m + -64. Let j = -50 + 84. Calculate the highest common divisor of j and d.
17
Suppose 3*j + j = -5*t + 83, 0 = -2*j + t + 59. Calculate the highest common factor of j and 135.
27
Let a(s) = 51*s**2 + s. Let t be a(1). Let d be (-1)/(1/t*-2). Let b be (-2)/(-6) + (-1746)/(-27). Calculate the greatest common factor of b and d.
13
Suppose 0 = -4*i + 16, 4*i + 39 = 2*j - 45. Suppose 0 = -5*h - l + 51, -4*l = -5 + 1. What is the greatest common divisor of j and h?
10
Let w = -26 + 33. Let r = -90 + 62. Let z = 42 + r. Calculate the highest common factor of z and w.
7
Let z(q) = 2*q + 40. Let r be z(-18). Calculate the highest common factor of r and 7.
1
Let o = 289 + -252. Calculate the highest common divisor of o and 74.
37
Let m(f) = -f + 28. Let u be m(0). Let d(c) = c**3 + 16*c**2 - c - 9. Let q be d(-16). What is the greatest common factor of q and u?
7
Suppose -t + 4*t = 4*g + 11, -11 = -t + 5*g. Let v = 8 + 3. What is the highest common divisor of t and v?
1
Suppose 5*n - 4*n = 4. Suppose -n*t = -6 - 14. Suppose 32 = t*a - 13. Calculate the greatest common factor of 99 and a.
9
Let r = -34 + 53. Let f = 86 - 104. Let g be (f/(-8))/(105/2660). What is the greatest common factor of g and r?
19
Suppose -18 = 2*u - 4*o, 0*o = -5*u - o + 10. Let k be (u + 3/(-6))*26. Calculate the highest common divisor of k and 91.
13
Suppose 3*y - 3*n = -6*n + 27, 3*y + 2*n = 30. Suppose 85 = -j + 229. Suppose j = 5*f - 3*f. What is the highest common divisor of f and y?
12
Let n be ((-312)/36 - -8) + 26/3. Suppose -3*y - w + 193 = 4*w, -25 = -5*w. What is the highest common factor of n and y?
8
Suppose -189 = -8*c + 3. Calculate the greatest common divisor of 96 and c.
24
Suppose 0 = -20*j + 16*j + 228. Let z be ((-25)/(-15))/(2 - 113/j). Calculate the highest common factor of z and 38.
19
Suppose -15 = -3*t + 5*q, 0 = -3*t + t + 2*q + 10. Calculate the highest common divisor of 95 and t.
5
Let i(o) = -o**3 - 7*o**2 - 7*o + 2. Let l be i(-5). Let j = -21 - l. Let p be (-7 - j)*9*1. What is the highest common divisor of 81 and p?
9
Let w(i) = i**2 - 12*i. Let m be w(-10). Let c 